t is the highest common factor of c and 64?
8
Let x(a) = -5*a - 19. Let l be x(-4). Calculate the greatest common divisor of 3 and l.
1
Let l(s) = -s**3 + 10*s**2 - s + 14. Let i be l(10). Let m be (11 - 83)/((-6)/i). What is the highest common factor of 16 and m?
16
Let m(b) = b**2 + 2*b. Let d be m(-7). Suppose -5*q = n, 2*q - 2*n - 13 = -q. Let f be 7/(-1*(q - 2)). What is the highest common divisor of d and f?
7
Suppose 40 + 20 = 3*i. Suppose 0 = -p - 3*f + 5, -p = p - 4*f - i. What is the greatest common divisor of 56 and p?
8
Let p = -14 - -40. What is the greatest common divisor of p and 182?
26
Let h(c) = c + 2. Let t be h(8). What is the highest common divisor of t and 30?
10
Let u be (15/(-6))/(2/(-4)). Let x be ((-2)/u)/(2/(-110)). Let a = -15 + 26. Calculate the greatest common factor of x and a.
11
Suppose -3*z = -4*m - 136, -2*z - m = -85 + 9. Let w be 2*(0 - -2)*4. Calculate the highest common factor of z and w.
8
Let r be (-753)/(-12) - (-1 + 9/12). What is the highest common divisor of 9 and r?
9
Let r = -49 - -79. Let j be 65/r - (-2)/(-12). Let y = 49 + -35. What is the highest common factor of j and y?
2
Let c = 5 - -5. Let y be (2/(-5))/((-1)/c). Let i be (-9 + y)*(-6)/5. Calculate the greatest common factor of 54 and i.
6
Let z(g) = -g**3 + 7*g**2 - 3*g - 4. Let c be z(6). Suppose 0 = -3*f - 5 + 14. Suppose -h + f*h = 14. What is the greatest common factor of c and h?
7
Suppose -6*f = -p - f + 10, -5*p + 8 = -4*f. Suppose p = -5*i + 391 + 129. Calculate the highest common divisor of 26 and i.
26
Let c be (52/6)/((-4)/6). Let t = 25 + c. Let k be 124/t + 1/(-3). What is the highest common divisor of 40 and k?
10
Let z = -77 + 133. Suppose 16 = -2*o + 4*o. What is the highest common divisor of o and z?
8
Let d(j) = -j**3 - 5*j**2 - j - 2. Let w be d(-5). Let h = 0 + w. Calculate the greatest common factor of 15 and h.
3
Suppose k + 3*k = -16. Let l be 1 + k/(-2) - 0. Suppose l*g = -g + 104. What is the greatest common factor of 39 and g?
13
Suppose 5*q = 3*q + 3*t + 81, -5*t - 25 = 0. Calculate the highest common divisor of 55 and q.
11
Suppose -2*o - 242 = -o. Let c be (o/6)/((-4)/12). Calculate the greatest common factor of c and 11.
11
Suppose -3*h + 5*h - 2 = 0. Let j be (49 - -6)/(2 - h). What is the greatest common factor of j and 22?
11
Suppose 29 = k - 66. Calculate the greatest common factor of k and 38.
19
Let y(a) = -a**2 + 2*a + 1. Let g be y(-5). Let k = g + 58. Let u = 20 + 16. Calculate the greatest common divisor of u and k.
12
Suppose -s + 328 + 102 = 3*y, -436 = -3*y + 2*s. Suppose 2*l + b - 51 = -4*b, 4*l - 75 = -b. Calculate the greatest common divisor of l and y.
18
Suppose 2*r = -0*r - c + 24, 5*r - 61 = -2*c. Let t = -364 + 517. Suppose 4*b - i = t, -b = -i - 27 - 9. Calculate the highest common divisor of b and r.
13
Let c(u) = -2*u**3 + u**2 + 108. Let n be c(0). Let t = 212 - n. Let s be (1/3)/(3/117). Calculate the highest common divisor of s and t.
13
Let g = 128 - 74. Suppose 0 = -8*x + 3*x + 90. What is the greatest common divisor of g and x?
18
Let i be (-35)/(-11) + 8/(-44). Suppose -4*l + l + 24 = i*x, -4*l + 4*x = -16. What is the greatest common divisor of l and 3?
3
Let h be (24/(-84))/(2/(-14)). What is the greatest common factor of h and 4?
2
Let z(u) = 25*u**2 - 2*u + 2. Let w be z(1). Calculate the highest common divisor of w and 225.
25
Suppose -n = x - 12, 0 = -n + 3*n. Calculate the highest common divisor of x and 108.
12
Suppose 4*k = 2*w + 14, 5*w + 2*k - 14 = 11. Suppose w + 5 = l. Calculate the highest common divisor of 56 and l.
8
Let x be 7/(-14) + 630/4. Let d be (-4)/(-1) - (7 - x). Calculate the greatest common factor of 14 and d.
14
Let d(r) = r**2 + 1. Let f be d(1). What is the greatest common factor of f and 6?
2
Let o(u) be the first derivative of u**2/2 + 8*u + 2. Let h be o(-6). Suppose 0 = -r - h*r + 33. What is the highest common divisor of 1 and r?
1
Suppose -2*u = 6, 3 = 2*t - 0*t - u. Suppose -v = -t*v. Suppose -k = -v - 12. What is the highest common factor of 60 and k?
12
Suppose 3 = o - 0*o. Let q(p) = -p**2 + 9*p + 1. Let j be q(8). What is the highest common factor of o and j?
3
Let z be (-378)/(-10) + (-16)/(-80). What is the greatest common divisor of z and 95?
19
Let q(f) = f**2 + 7*f - 14. Let k be q(6). Calculate the highest common factor of 16 and k.
16
Suppose l - q + 18 = -5*q, 2*q = -5*l. Suppose y = -l*h, -2*y + 2 - 6 = 5*h. Suppose y = m + 3*m. Calculate the highest common factor of 3 and m.
1
Let g(y) = 2*y**2 - 4*y. Let m(k) = k + 4. Let l be m(0). Let r be g(l). What is the greatest common divisor of 48 and r?
16
Let p = -13 + 8. Let y(g) = -10*g - 2. Let s be y(p). What is the highest common factor of 6 and s?
6
Suppose 3*j - 15 = -3*c, -24 = -j + 5*c + 5. Suppose -3*u - 695 = -8*u. Let g = -40 + u. Calculate the highest common divisor of j and g.
9
Suppose 26 = 7*l - 37. What is the highest common divisor of 99 and l?
9
Let c be 1/((-5)/(-2))*10. Let h = -125 - -42. Let t = 119 + h. Calculate the highest common divisor of c and t.
4
Suppose 0 = -4*t - 0*t + 4. Let k = 8 + t. Calculate the highest common divisor of 9 and k.
9
Let b(o) = -o**2 + 7*o + 8. Let z = 23 - 16. Let n be b(z). Let j = -108 - -180. What is the greatest common factor of j and n?
8
Suppose 0 = -3*d + 18 - 0. Let a be ((-6)/7)/(1/(-7)). What is the greatest common divisor of a and d?
6
Let l be (96/9)/(1/3). Let b = -13 + l. Calculate the greatest common divisor of b and 133.
19
Suppose 2*x + 0*x = 160. Suppose l - 5*f - x = 0, l + 5*f - 62 = f. Suppose 7*m = 2*m + l. Calculate the highest common divisor of m and 56.
14
Let o be (-8 - -9)*(47 - -1). Calculate the greatest common factor of 6 and o.
6
Let m = 19 + -16. Calculate the greatest common divisor of m and 12.
3
Suppose -x + 43 = -71. Suppose 0 = -4*q - 0*q + 56. Let l = x + q. What is the highest common divisor of 16 and l?
16
Let d = -127 + 232. What is the greatest common divisor of d and 21?
21
Let i be ((-4)/3)/((-6)/639) + -2. Calculate the highest common divisor of i and 14.
14
Suppose u - 3*u = 4. Let r be u/(-7) - 19/(-7). Let k = -5 + 8. Calculate the greatest common factor of k and r.
3
Let l(d) = -8*d + 21. Let r be l(-3). What is the highest common divisor of 405 and r?
45
Let v be ((-15)/(-3))/(2/(-4)). Let j be v/(-4)*(-16)/(-10). Suppose 3*i = j*m + 46, -6 = -2*i + i - m. Calculate the greatest common factor of i and 2.
2
Let s(r) = -12*r + 3. Let c be s(-3). Suppose i - 26 = -0*i. What is the highest common factor of i and c?
13
Let g be -1*2 - (3 - 24). Let r be (-12)/(-24) - g/(-2). Calculate the greatest common divisor of 20 and r.
10
Let o be 9/(-15) + (-58)/(-5). Let n = 8 - 6. Let v be ((-99)/(-2))/(n/4). What is the highest common divisor of o and v?
11
Suppose -25 = -n - 2*n - 2*f, -52 = -4*n + 2*f. Suppose -r + n = -73. Calculate the greatest common divisor of 21 and r.
21
Let i(q) = -213*q**2 + 9*q + 2. Let s(y) = 106*y**2 - 5*y - 1. Let l(m) = -3*i(m) - 5*s(m). Let x be l(-1). Calculate the greatest common factor of 11 and x.
11
Let s = 10 + -12. Let u be -12*(s - -1 - 0). What is the greatest common divisor of 108 and u?
12
Let z(a) = a**2 - 3*a - 2. Let u be z(4). Let j be -3 + u - (-2 - 4). Let g be j*2 - (-1 - -3). Calculate the greatest common divisor of 24 and g.
8
Suppose 3 = 5*n - 3*n - x, x + 3 = -4*n. Let c = 4 - n. Suppose -3*k = -k - c. What is the greatest common divisor of k and 14?
2
Let t(b) = -4*b + 9. Let h(x) = -x. Let m(y) = 6*h(y) - t(y). Let q be m(-10). What is the greatest common divisor of 22 and q?
11
Suppose -3*w = -5*c - 2*w + 710, 3*c + 2*w - 439 = 0. What is the highest common factor of c and 13?
13
Suppose 2*m + 3*h = 3, -13 = -3*m + 2*h + 2*h. Let k be 3*(0 - (-4)/3). Suppose 0 = -k*o + 15 + 69. What is the greatest common factor of o and m?
3
Let n be 2*-1 - (1 - 1). Let c be (1 + 0)/(n/(-14)). Suppose 0 = -0*d - 2*d + 2. Calculate the greatest common divisor of d and c.
1
Let n = 0 - -16. Suppose -17*o + 482 = -606. What is the highest common divisor of o and n?
16
Suppose -5*p = 5*h - 190, -3*p - 4*h = -49 - 70. Calculate the highest common factor of p and 297.
33
Let w(z) = -z**2 + 9*z - 10. Let g be w(7). Let y(l) = 5*l**2 + 3*l + 2. Let i be y(